Let g(o) = -6*o - 15. Determine g(-2).
-3
Let d(c) = -c**3 - 6*c**2 - 9*c - 7. Calculate d(-6).
47
Let i(t) = 3*t**2 + t - 7. What is i(-3)?
17
Let p(k) = -k**2 - 14*k + 55. What is p(-18)?
-17
Let s(t) = 18*t - 68. Calculate s(4).
4
Let w(s) = -s**3 - 9*s**2 + 2*s + 24. Give w(-9).
6
Let q(l) = 15*l**2 - l. Determine q(1).
14
Let l(x) = -x**2 - 5*x + 15. What is l(13)?
-219
Let v(k) = k**3 - 26*k**2 - 26*k - 3. Give v(27).
24
Let x(r) = 14*r**2 - 4*r. Calculate x(-2).
64
Let z(b) = -b - 33. Determine z(-17).
-16
Let b(p) = -2*p**2 + 15*p - 12. Give b(4).
16
Let n(d) = -d - 10. Calculate n(-8).
-2
Let r(k) = -k**3 - 8*k**2 + 4*k - 35. Determine r(-9).
10
Let i(b) = -24*b + 15. Calculate i(-2).
63
Let i(g) = -g**3 - 8*g**2 - 2*g - 13. What is i(-8)?
3
Let o(s) = 6*s**3 - 2*s**2 - 2*s + 1. What is o(-1)?
-5
Let y(j) = 6*j - 40. Calculate y(7).
2
Let m(t) = -t**3 - 11*t**2 - 3*t - 11. Calculate m(-11).
22
Let f(q) = -10*q**3 - q. What is f(1)?
-11
Let y(i) = -i**3 + 2*i**2 + i - 1. What is y(3)?
-7
Let l(a) = -a**3 + 2*a**2 - 3*a - 1. What is l(3)?
-19
Let b(z) = -z**3 + 9*z**2 - z + 16. What is b(9)?
7
Let o(i) = 5*i + 9. Determine o(5).
34
Let c(z) = z**2 + 14*z - 15. Determine c(-15).
0
Let m(g) = 2*g**3 - 55*g**2 - 26*g - 56. Calculate m(28).
0
Let f(q) = -10*q + 51. What is f(5)?
1
Let h(v) = 2*v**3 - 15*v**2 + 6*v - 1. Calculate h(7).
-8
Let h(g) = -2*g**2 + 8*g + 4. Give h(3).
10
Let l(i) = 4*i - 79. What is l(20)?
1
Let b(t) = t**2 + 11*t - 13. What is b(-13)?
13
Let o(y) = -y**2 - 7*y + 4. Determine o(-9).
-14
Let g(w) = w**2 + 11*w + 11. Give g(-11).
11
Let v(q) = -q**2 + 13*q - 18. Give v(12).
-6
Let i(x) = -x**3 - 2*x**2 + 7*x + 3. Give i(-4).
7
Let m(z) = -z**2 - 2*z + 7. What is m(6)?
-41
Let l(o) = -16*o - 10. Give l(-4).
54
Let s(r) = -r**2 - 22*r - 113. What is s(-10)?
7
Let p(x) = -32*x - 13. Determine p(-3).
83
Let f(k) = 19*k + 16. Give f(-1).
-3
Let f(t) = -2*t**3 + 12*t + 16. Determine f(-2).
8
Let s(a) = a**2 - a. Calculate s(-4).
20
Let k(g) = -g**2 + 7*g + 1. Determine k(13).
-77
Let f(p) = -p**3 - p**2 - 2. Give f(0).
-2
Let g(s) = s - 21. Determine g(14).
-7
Let a(c) = c**3 - 9*c**2 + 3*c - 3. Determine a(7).
-80
Let t(k) = -k**2 - 53*k - 240. Determine t(-48).
0
Let y(h) = -28*h + 36. Give y(7).
-160
Let q(j) = -2*j**2 + 18*j + 45. Determine q(10).
25
Let c(t) = t**2 - t - 6. Determine c(0).
-6
Let o(d) = -2*d + 33. Give o(16).
1
Let p(r) = r**3 + 13*r**2 + 6*r + 4. What is p(-13)?
-74
Let n(p) = 9*p**2 - 31*p - 12. Determine n(4).
8
Let j(r) = 25*r + 37. Determine j(-4).
-63
Let p(x) = 8*x**2 + 6*x - 7. Give p(2).
37
Let j(b) = 2*b + 4. What is j(-6)?
-8
Let g(z) = -z**3 - 11*z**2 - 2*z + 1. Give g(-11).
23
Let w(l) = 2*l**3 + 13*l**2 + 21*l + 7. What is w(-5)?
-23
Let g(i) = -23*i + 2. Calculate g(1).
-21
Let r(f) = -f**3 - f**2 + 19. Calculate r(0).
19
Let y(p) = p**2 + 20*p + 35. Calculate y(-19).
16
Let b(i) = -16*i - 17. Give b(-5).
63
Let l(o) = 73*o**2 + o - 2. Determine l(1).
72
Let n(i) = -3*i + 37. Calculate n(11).
4
Let d(a) = a**3 + 5*a**2 - 7*a + 12. Calculate d(-7).
-37
Let h(r) = r**2 - 6*r - 6. Give h(7).
1
Let f(l) = 7*l**2 - 35*l + 4. Give f(5).
4
Let r(t) = -3*t + 20. Calculate r(7).
-1
Let b(y) = y**2 + y - 4. Calculate b(7).
52
Let a(i) = -48*i - 54. Calculate a(-1).
-6
Let h(z) = -z**3 + 18*z**2 + 11*z + 156. Determine h(19).
4
Let x(b) = 9*b - 24. Give x(-4).
-60
Let b(o) = 3*o - 3. Calculate b(7).
18
Let z(t) = -3*t**3 - 3*t**2 + 2. Calculate z(-2).
14
Let s(c) = -3*c + 3. Give s(-1).
6
Let o(x) = -13*x + 1. What is o(0)?
1
Let t(z) = -4*z + 19. Determine t(8).
-13
Let d(q) = -10*q + 11. Give d(2).
-9
Let b(c) = -c**3 - 44. Give b(0).
-44
Let i(h) = h**2 + 15*h + 12. What is i(-15)?
12
Let s(u) = -u**3 + 7*u**2 - 5*u + 5. What is s(7)?
-30
Let p(l) = -l**3 + 2*l**2 + 5*l + 6. Give p(4).
-6
Let i(f) = f**2 + 2*f + 3. Calculate i(-3).
6
Let v(t) = -t**2 - 8*t - 13. Give v(-3).
2
Let t(v) = 29*v + 290. Calculate t(-10).
0
Let q(w) = -15*w + 60. Calculate q(4).
0
Let g(f) = -6*f**3 + f**2 - 1. Calculate g(1).
-6
Let w(k) = -k**2 - 20*k - 19. Determine w(-19).
0
Let j(s) = 3*s + 133. Calculate j(-48).
-11
Let l(o) = -o**2 - 4*o - 1. Give l(-5).
-6
Let o(c) = c - 12. What is o(0)?
-12
Let z(x) = -x**2 - 4*x - 7. Calculate z(-2).
-3
Let o(z) = z**2 - 4*z - 12. What is o(-5)?
33
Let g(b) = 37*b + 4. Give g(-2).
-70
Let i(q) = -5*q + 23. Calculate i(-10).
73
Let n(l) = 9*l + 7. Calculate n(-3).
-20
Let z(p) = -p**3 + 3*p**2 + 12*p - 14. Give z(5).
-4
Let h(s) = -s**3 - 20*s**2 + 24*s + 11. Determine h(-21).
-52
Let s(k) = 8*k**2 + 52*k + 19. Determine s(-6).
-5
Let i(k) = k**3 - 4*k - 3. What is i(-2)?
-3
Let s(w) = -9*w**2 + 1. Calculate s(-1).
-8
Let g(l) = -l**3 + 18*l**2 - 19*l - 13. What is g(17)?
-47
Let j(v) = -v**3 + 13*v**2 + 10*v + 59. What is j(14)?
3
Let z(k) = -2*k - 9. What is z(-9)?
9
Let z(y) = 18*y - 88. What is z(5)?
2
Let r(z) = z**3 - 8*z**2 + 9*z + 5. Determine r(7).
19
Let u(i) = 3*i**3 - 9*i**2 + i + 9. Calculate u(3).
12
Let j(o) = -78*o**2 - 2. Give j(-1).
-80
Let y(p) = -p**2 + 5*p + 39. Determine y(-4).
3
Let m(n) = n**3 - 5*n**2 + 2*n + 4. Give m(3).
-8
Let i(u) = -u**3 - 23*u**2 + 5*u + 2. What is i(-23)?
-113
Let b(r) = -r**2 + 8*r + 13. What is b(9)?
4
Let a(p) = p**3 + 8*p**2 - 6*p + 15. What is a(-9)?
-12
Let y(k) = -533*k + 1600. What is y(3)?
1
Let g(o) = -o**3 - 6*o + 5. What is g(0)?
5
Let v(w) = -6*w - 11. Determine v(-8).
37
Let f(t) = 2*t**2 - 4. Calculate f(-6).
68
Let d(t) = -32*t + 10. Give d(-4).
138
Let p(q) = -q**3 + q**2 + 7*q - 4. What is p(0)?
-4
Let z(r) = r**3 - 3*r**2 - 18*r - 4. Determine z(6).
-4
Let p(q) = -36*q + 1. Calculate p(0).
1
Let v(w) = w**3 - 7*w**2 - 7*w + 7. What is v(8)?
15
Let r(x) = 38*x + 58. What is r(-2)?
-18
Let z(a) = -a**3 - 4*a**2 + 3*a - 1. What is z(-3)?
-19
Let r(q) = 3*q**2 + 1. What is r(-1)?
4
Let i(d) = 27*d**2 + 106*d + 4. Calculate i(-4).
12
Let h(a) = -a**3 - 4*a**2 + 14. Determine h(-6).
86
Let x(z) = 3*z - 54. What is x(15)?
-9
Let k(w) = 8*w + 209. Give k(-29).
-23
Let z(f) = -f**3 + 10*f**2 + 5*f + 7. Give z(10).
57
Let r(k) = -k**3 + 20*k**2 - 25*k + 11. Determine r(19).
-103
Let h(d) = -8*d**3 - d**2 + 1. Give h(-1).
8
Let b(q) = -5*q + 2. Give b(1).
-3
Let p(r) = r**3 + r**2 + 2. Give p(-3).
-16
Let z(d) = -d**2 + 11*d - 10. Calculate z(10).
0
Let v(y) = -y**2 - 2*y + 5. Determine v(-5).
-10
Let k(h) = -h + 27. Calculate k(12).
15
Let p(w) = -2*w**2 + 6*w + 3. Determine p(-2).
-17
Let y(z) = -28*z**3 + 1. What is y(-1)?
29
Let s(q) = -q**3 - 5*q**2 + 6*q + 2. Give s(-6).
2
Let m(y) = -y**2 - 17*y - 23. What is m(-16)?
-7
Let x(p) = -2*p**3 + 2*p**2 + 3*p - 1. Determine x(2).
-3
Let q(n) = -n**2 - 14*n + 29. Determine q(2).
-3
Let w(n) = 52*n - 410. Give w(8).
6
Let x(g) = g - 14. Give x(7).
-7
Let j(p) = 4*p + 12. Determine j(5).
32
Let x(b) = -b**3 - 11*b**2. Determine x(-11).
0
Let t(x) = -x**2 + 4*x + 7. Determine t(7).
-14
Let l(n) = -2*n**3 + 6*n**2 - 17*n + 20. Calculate l(2).
-6
Let x(y) = 4*y - 53. Calculate x(12).
-5
Let a(y) = 9*y + 239. What is a(-25)?
14
Let z(v) = 2*v. Determine z(-3).
-6
Let x(p) = 14*p - 55. Determine x(4).
1
Let x(p) = -4*p**2 - 24*p - 4. Determine x(-6).
-4
Let u(q) = -q**3 - 7*q**2 + 10*q. Determine u(-8).
-16
Let k(s) = -3*s**2 + 5*s + 6. What is k(5)?
-44
Let j(r) = 4*r - 10. Give j(16).
54
Let r(k) = -12*k**2 - 3*k - 1. Give r(-1).
-10
Let t(o) = -19*o + 5. What is t(2)?
-33
Let t(s) = s**3 - 5*s**2 + s + 7. Determine t(5).
12
Let l(v) = v**2 - 6*v - 4. Calculate l(6).
-4
Let x(s) = 5*s - 64. Determine x(16).
16
Let l(q) = -2*q + 4. Give l(-6).
16
Let h(g) = -g - 6. What is h(-24)?
18
Let v(p) = -23*p + 438. Give v(19).
1
Let i(h) = h**2 + 7*h - 44. Determine i(4).
0
Let i(c) = 14*c - 107. Give i(7).
-9
Let b(g) = g**2 - 6*g - 1. What is b(4)?
-9
Let x(d) = 2*d**2 - 8*d - 3. Calculate x(6).
21
Let i(n) = n**3 + 7*n**2 + 3*n. What is i(-5)?
35
Let o(b) = -2*b**3 + 16*b**2 + 6*b + 2. What is o(7)?
142
Let k(h) = h**3 - 21*h**2 - 47*h + 22. Determine k(23).
-1
Let v(r) = r**2 - 10. Calculate v(-5).
15
Let r(k) = k**3 - 6*k**2 - 8*k + 14. Determine r(7).
7
Let q(g) = -12*g - 47. Calculate q(-4).
1
Let x(v) = 4*v**2 - 22*v - 11. Determine x(4).
-35
Let m(n) = 2*n**2 - 9*n +